 - 217. Determine n(-12).
-13
Let w(y) = 31*y - 717. Give w(27).
120
Let c(j) = 31*j - 18. What is c(-1)?
-49
Let n(r) = 72*r + 5182. Determine n(-72).
-2
Let m(t) = -2*t**2 - 75*t - 979. Calculate m(-15).
-304
Let m(p) = 487*p - 49677. Give m(102).
-3
Let a(h) = -41*h - 9386. Calculate a(-229).
3
Let y(x) = x**3 + 29*x**2 + 29*x + 38. What is y(-28)?
10
Let x(n) = n**3 + 77*n**2 - 495*n - 30. Determine x(6).
-12
Let c(k) = -385*k + 1909. Give c(5).
-16
Let w(a) = -a**3 - 33*a**2 + 28*a - 240. Determine w(-34).
-36
Let g(u) = -u**3 - 3*u**2 + 930*u - 23. Calculate g(29).
35
Let y(q) = q**3 + 134*q**2 + 1008*q - 124. Calculate y(-126).
-124
Let v(l) = -17*l**2 + 59*l - 57. What is v(1)?
-15
Let f(z) = -z**3 - 50*z**2 - 449*z + 109. Determine f(-12).
25
Let y(x) = 23*x + 28. Give y(11).
281
Let r(i) = 30*i - 2141. Calculate r(69).
-71
Let r(o) = 2*o**3 + 43*o**2 - 150*o - 714. Give r(-24).
6
Let x(t) = -t**3 + 20*t**2 + 513*t + 387. What is x(35)?
-33
Let r(a) = -2*a**3 - 188*a**2 + 188*a - 249. Determine r(-95).
-59
Let u(v) = 4*v**2 + 33*v - 2212. What is u(-28)?
0
Let t(x) = x**3 + 17*x**2 + 33*x + 12. Calculate t(-13).
259
Let v(h) = -8*h - 512. Calculate v(-65).
8
Let u(d) = -51*d - 526. What is u(-13)?
137
Let k(p) = 344*p - 11485. Determine k(33).
-133
Let m(v) = -v**3 - 24*v**2 - 127*v + 166. Determine m(-14).
-16
Let p(u) = -45*u - 1754. Determine p(-33).
-269
Let v(g) = -1542*g - 12335. Calculate v(-8).
1
Let v(u) = -36*u - 1483. Give v(-41).
-7
Let z(c) = c**2 + 57*c + 17. Calculate z(-52).
-243
Let a(c) = 2*c**3 - 12*c**2 + 4*c - 14. What is a(5)?
-44
Let t(c) = 2*c**2 - 42*c - 196. Give t(25).
4
Let y(p) = 13*p**2 + 53*p - 65. What is y(1)?
1
Let v(y) = 66*y - 2057. Give v(32).
55
Let l(h) = -136*h - 195. Calculate l(-2).
77
Let r(x) = x**2 + 6*x + 8. What is r(-3)?
-1
Let d(j) = -6*j**3 + 3*j**2 + 3*j - 5. What is d(1)?
-5
Let z(k) = 11*k + 41. Give z(-8).
-47
Let t(g) = -2*g**3 + 71*g**2 - 37*g + 86. What is t(35)?
16
Let s(y) = -25*y**2 - 340*y - 716. Determine s(-11).
-1
Let f(m) = 11*m**2 + 5*m - 3. What is f(-5)?
247
Let f(j) = -j**2 - 31*j - 89. Determine f(-26).
41
Let k(n) = -2*n**2 + 318*n - 2140. Calculate k(7).
-12
Let r(a) = a**2 - 223*a - 31001. What is r(-97)?
39
Let p(r) = r**3 + 12*r**2 - 114*r - 50. Give p(-15).
985
Let g(r) = r**3 + 14*r**2 + 40*r + 1162. Determine g(-16).
10
Let x(q) = -q**3 - 16*q**2 - 30*q - 133. Give x(-16).
347
Let j(w) = -18*w - 79. Give j(4).
-151
Let p(q) = q**3 + 26*q**2 + 39*q + 351. Give p(-25).
1
Let d(h) = -h**3 + h**2 - 6*h + 4. Give d(-5).
184
Let l(z) = 13*z**2 - 55*z - 58. Determine l(-1).
10
Let v(w) = -w**2 - 6032*w - 120244. Calculate v(-20).
-4
Let a(t) = 18*t + 343. What is a(-18)?
19
Let b(l) = -48*l + 65. Determine b(3).
-79
Let y(x) = -x**3 + 40*x**2 - 6*x + 335. Calculate y(40).
95
Let m(j) = 187*j - 541. Determine m(3).
20
Let s(g) = 25*g**2 - 17*g. Give s(2).
66
Let n(a) = 63*a - 542. Give n(8).
-38
Let c(j) = 60*j**2 + 157*j - 5. Give c(-4).
327
Let g(o) = o**3 + 37*o**2 + 244*o - 224. Calculate g(-28).
0
Let n(g) = 76*g - 303. What is n(11)?
533
Let z(r) = -2082*r. Give z(0).
0
Let v(i) = -i**3 - 9*i**2 - 19*i - 61. Give v(-7).
-26
Let v(h) = 8*h**2 + 1369*h + 1368. Determine v(-1).
7
Let s(v) = v**3 - 5*v**2 + 9*v - 11. Give s(10).
579
Let w(i) = 5*i**2 - 32*i + 315. Determine w(13).
744
Let s(c) = 1949*c - 5865. What is s(3)?
-18
Let s(i) = -1036*i - 1036. What is s(-1)?
0
Let s(w) = -17*w + 318. Calculate s(18).
12
Let c(z) = 156*z + 97. What is c(2)?
409
Let i(u) = -u**3 - 11*u**2 + 13*u - 11. Calculate i(-12).
-23
Let d(c) = -c**2 - 27*c + 24. Give d(-28).
-4
Let v(g) = 8*g**2 - 52*g - 9. Determine v(6).
-33
Let r(c) = -3*c**3 + 178*c**2 - 400*c + 28. Give r(57).
-29
Let x(y) = 150*y - 496. Determine x(3).
-46
Let s(q) = -11*q - 299. Give s(-41).
152
Let x(w) = -698*w + 3923. Determine x(6).
-265
Let o(r) = -3*r - 149. Give o(-32).
-53
Let a(v) = v**3 - 43*v**2 + 433*v - 231. Calculate a(15).
-36
Let x(y) = 111*y**2 + 587*y - 469. Give x(-6).
5
Let y(o) = 24893*o + 99579. Determine y(-4).
7
Let s(m) = 2*m**3 + 14*m**2 - 23*m - 165. Give s(-7).
-4
Let r(a) = a**3 - 18*a**2 - 40*a + 26. Determine r(20).
26
Let w(j) = 5*j**2 - 22*j + 83. Determine w(6).
131
Let s(d) = -127*d + 1645. Give s(13).
-6
Let d(o) = 82*o + 595. Determine d(-14).
-553
Let v(a) = a**3 + 75*a**2 + 1320*a + 116. Determine v(-28).
4
Let h(u) = 16*u - 246. Calculate h(19).
58
Let f(o) = -11*o**2 + 29*o + 184. What is f(-7)?
-558
Let i(j) = -2*j**3 - 10*j**2 + 164*j + 687. Give i(-4).
-1
Let f(i) = i**3 - 21*i**2 - 19*i - 15. What is f(22)?
51
Let o(c) = 2*c**2 + 288*c + 565. Determine o(-142).
-3
Let s(c) = -50*c - 262. Give s(-7).
88
Let l(f) = -20*f**2 - 74*f - 3. Give l(0).
-3
Let m(r) = -2*r**2 - 91*r + 238. Determine m(-48).
-2
Let s(z) = -46*z**2 + 3728*z - 162. Give s(81).
0
Let q(r) = 83*r**3 + 2*r**2 + 120*r - 122. What is q(1)?
83
Let o(h) = 3*h**2 + 17*h - 62. Calculate o(-9).
28
Let q(y) = -y**3 - 40*y**2 - 43*y + 653. Calculate q(-38).
-601
Let n(h) = -23*h + 1779. Determine n(78).
-15
Let z(r) = 822*r + 7676. Give z(-9).
278
Let m(z) = -2*z**2 - 13*z - 5. What is m(-7)?
-12
Let y(j) = j**2 - 89*j - 266. Determine y(91).
-84
Let p(m) = -m**3 - 2*m**2 + 90*m - 248. Give p(6).
4
Let p(o) = 12*o - 43. Determine p(-9).
-151
Let x(u) = 22*u**2 + 5286*u + 1431. Give x(-240).
-9
Let y(u) = -u**2 - u + 38. Determine y(7).
-18
Let u(g) = g**3 - 3*g**2 + 9*g - 29. Calculate u(4).
23
Let f(x) = 4*x**3 + 15*x**2 + 14*x - 3. Determine f(-2).
-3
Let w(f) = -12*f - 28. Calculate w(-6).
44
Let b(o) = -o**3 + 120*o**2 - 2230*o - 27. Give b(23).
-4
Let j(v) = v**3 - 104*v**2 + 311*v - 802. Determine j(101).
6
Let z(o) = 148*o + 4362. What is z(-29)?
70
Let k(s) = -s**2 - 5*s + 226. Give k(0).
226
Let m(w) = -2*w**2 - 17*w + 150. Determine m(10).
-220
Let y(q) = -q**2 + 93*q - 563. What is y(69)?
1093
Let w(l) = -14*l**2 + 321*l + 30. Give w(23).
7
Let q(a) = a**3 - 29*a**2 + 4*a - 1026. What is q(30)?
-6
Let n(b) = 169*b**3 + b**2 + 5*b + 4. Give n(-1).
-169
Let p(l) = -l**3 - 12*l**2 - 38*l - 95. Calculate p(-9).
4
Let h(o) = 4*o**3 - 26*o**2 + 12*o + 5. What is h(7)?
187
Let y(i) = -28*i - 323. Calculate y(-18).
181
Let v(n) = 137*n - 369. Give v(8).
727
Let l(s) = -4*s**2 - 233*s - 663. Determine l(-3).
0
Let l(s) = -3*s**2 + 438*s - 13968. What is l(47)?
-9
Let m(f) = -112*f - 493. Calculate m(-6).
179
Let a(i) = 158*i + 73. Calculate a(-3).
-401
Let f(z) = 334*z - 6289. Determine f(19).
57
Let b(k) = k**3 + 60*k**2 + 223*k - 63. What is b(-56)?
-7
Let i(j) = -j**3 - 11*j**2 + 275*j - 22. What is i(12)?
-34
Let a(b) = 26*b**2 + 236*b + 18. Give a(-9).
0
Let s(k) = -4*k**2 + 14*k + 874. Determine s(-14).
-106
Let h(b) = 25*b**2 + 126*b. Calculate h(-5).
-5
Let k(h) = 68188*h - 136373. Calculate k(2).
3
Let t(o) = -o**3 - 40*o**2 - 80*o - 147. Give t(-38).
5
Let t(b) = 23*b + 170. What is t(-8)?
-14
Let v(d) = -d**3 - 41*d**2 + 3*d + 219. Give v(-41).
96
Let h(f) = f**2 - 42*f - 705. Calculate h(-14).
79
Let z(g) = g**3 + 6*g**2 - 90*g - 480. What is z(-5)?
-5
Let c(q) = -2*q**2 + 183*q + 1390. Calculate c(-7).
11
Let n(g) = g**3 + 8*g**2 + 8*g - 3. Calculate n(-5).
32
Let w(z) = -71*z - 1852. Give w(-26).
-6
Let h(i) = -129*i - 1286. Give h(-10).
4
Let f(a) = 31*a**3 + 5*a**2 - a - 4. Determine f(-2).
-230
Let j(d) = d**3 + 59*d**2 + 21*d - 2138. Give j(-58).
8
Let h(d) = 2*d**3 + 5*d**2 - 30*d - 9. Calculate h(-7).
-240
Let g(o) = -2*o**2 - 111*o + 178. Determine g(-57).
7
Let o(q) = -106*q - 2104. Calculate o(-21).
122
Let m(a) = 13*a + 333. What is m(-41)?
-200
Let b(r) = 177*r - 7646. What is b(43)?
-35
Let b(n) = n**2 - 754*n + 115560. Determine b(540).
0
Let y(x) = 2*x**3 + 331*x**2 + 1916*x + 4. What is y(-6)?
-8
Let v(x) = -7*x**2 + 112*x + 216. Calculate v(-2).
-36
Let m(l) = -l**3 - 56*l**2 + 229*l + 2. Calculate m(4).
-42
Let d(g) = 35*g**2 + 244*g - 2. Calculate d(-7).
5
Let d(h) = -h**2 - 12*h + 211. Determine d(-21).
22
Let p(n) = 308*n + 1804. Determine p(-7).
-352
Let j(z) = 38*z + 136. What is j(-7)?
-130
Let s(h) = 7*h - 332. Determine s(52).
32
Let j(z) = z**3 + 33*z**2 - 233*z + 55. Determine j(-39).
16
Let g(q) = 3442*q + 51628. Give g(-15).
-2
Let p(q) = -q**2 + 8*q + 109